 digit of z(y)?
2
Suppose 5*x - 156 = -2*t, 2*x - 105 = -2*x + 5*t. What is the tens digit of x?
3
Let u(p) = 6*p + 1. Let i be ((-9)/6)/(1/(-2)). Suppose 6 = i*a - 0*a. What is the units digit of u(a)?
3
Let w be (-5)/(-15)*(1 + -1). Let g(u) = -3*u + 15. Let z(b) = -b + 7. Let l(d) = -2*g(d) + 5*z(d). What is the units digit of l(w)?
5
Suppose 5*k + 6*h = h + 500, 4*k = 3*h + 428. What is the hundreds digit of k?
1
Suppose 2*j + 29 = 3*j. Suppose -4*m + 43 = -j. What is the tens digit of m?
1
Let g = 58 - 19. What is the tens digit of (-2)/(-6) + 1040/g?
2
Let y = -11 + 17. Suppose 2*s - 16 = -y. Suppose 0*v + 2*v + 8 = s*t, 4*v = 3*t - 2. What is the units digit of v?
1
Suppose 4*b + 0*b = 8. Suppose -a - d = -4*a - 121, 0 = 2*a - b*d + 74. Let i = a + 60. What is the tens digit of i?
1
Suppose -1 - 3 = -u. Let w = -1 + 3. Suppose 0 = j - u + w. What is the units digit of j?
2
Suppose -4 = 2*y, 4*m - 1750 = -0*m - y. What is the units digit of m?
8
Let t = -5 + 8. Suppose -x - t = -4*x. What is the units digit of x?
1
Let w be (-147)/4 - (-2)/(-8). Let s = w - -60. Suppose -4*a + l = 3*l - 30, 3*a + l - s = 0. What is the units digit of a?
8
Let r(a) = a + 1. Let x be r(3). Let f be (2 - x) + 7 + -2. Suppose 34 = 5*m - 4*w + f*w, 9 = 2*m - 5*w. What is the units digit of m?
7
What is the units digit of 4/(-30) + (-861)/(-45)?
9
Suppose 0 = -2*b + 48 - 6. Suppose 0 = -2*l + 7*l - 20. Suppose -5*u = -l*t + 3*t - b, 2*u = t + 9. What is the units digit of u?
4
Let v be (-60)/8*4/(-3). Suppose -v = -5*j + 35. What is the units digit of j?
9
Let h(q) = 3 - 15*q + 3 - 6. What is the units digit of h(-1)?
5
Suppose 5*r - 5 + 15 = 0. Let g(w) = 2*w**2 + 2*w + 2. What is the units digit of g(r)?
6
Let y(o) = o**2 - 8*o + 8. What is the units digit of y(8)?
8
Let i(j) = -4*j - 4. Let w(d) = 4*d + 5. Let h(l) = 4*i(l) + 3*w(l). Let v be h(-2). Let x = -2 + v. What is the units digit of x?
5
Suppose 0*t = -5*t + 190. Let i = t - 26. What is the tens digit of i?
1
Suppose 5*y + 2*d - 15 = 0, -2*y - 15 = -3*y + 2*d. Suppose y*u = -u + 144. What is the units digit of u?
4
Let i be (0 + 1 - 2)/1. Let h = 1 - i. Suppose -3*p - 1 = 3*b + 2, h*b = 3*p - 17. What is the units digit of p?
3
Let t(k) = -2*k. Let y be t(-2). Suppose 2*q - 5*v = 4*q + 1, 6 = y*q + 2*v. Suppose 2*d = -d + 4*i + 14, 4*d - 4 = -q*i. What is the units digit of d?
2
What is the hundreds digit of (-1077)/(-9) - 2/(-6)?
1
Let t be (-1 - 1)/(2/4). Let o be 0/1*-1 - -7. Let h = t + o. What is the units digit of h?
3
Suppose -5*l - 3*m = -6*m - 1621, 3*l = 3*m + 975. What is the hundreds digit of l?
3
Suppose 5*g - 3*g + 3*l = -5, -5*l - 10 = 3*g. Let d(x) = -x**3 + 4*x**2 + 1. Let f be d(3). Suppose g*m - f = 10. What is the units digit of m?
4
What is the units digit of (-88 + 4)/(-2) - -3?
5
Let n(i) = -i + 1. Let o(k) = -4*k + 2. Let y(j) = -6*n(j) + 2*o(j). What is the units digit of y(-7)?
2
Let n(m) = m**2 + 6*m + 15. What is the units digit of n(-9)?
2
Suppose 4*n = 5*n + 2. Suppose 11 = -7*g - 10. Let r = n - g. What is the units digit of r?
1
Suppose 3*b - 4*b + 13 = 2*s, 0 = 5*b - 5*s - 5. Suppose -t = b - 8. What is the units digit of t?
3
Suppose -3*b + o = -2*o - 93, o + 115 = 4*b. What is the units digit of (-1 + b/12)*3?
4
Suppose -4*a = -2*a - 12. Suppose 2*y = u, 0 = a*y - 2*y + 3*u + 20. Let w = 5 + y. What is the units digit of w?
3
Suppose -4*k = -49 - 3. Suppose -4 + k = m. What is the units digit of m?
9
Let t(f) = -f**3 - 6*f**2 - 5*f - 4. Let m be t(-5). What is the units digit of ((-14)/(-4))/((-2)/m)?
7
Suppose -2*i + 0*i - 2*b = -412, 2*i - 427 = -5*b. What is the units digit of i?
1
Suppose 0*p + 90 = 2*p. What is the units digit of p?
5
What is the tens digit of 2/(-9) + 292/18?
1
What is the units digit of (-32 + 1)*-1*1?
1
Let k(r) = 2*r**2 - 6*r + 53. What is the tens digit of k(8)?
3
Let m = 14 - 7. Let o = 5 - m. What is the units digit of o/(-1)*(-7)/(-2)?
7
Suppose -3*p + 9 = 0, -p + 0 - 3 = 3*r. Let v be (-1 - -2)/(r/6). What is the units digit of 2 + -4*v/6?
4
Suppose -w + q = 2*w - 4, 3*q = -2*w - 12. Suppose 4*u = -0*u + 20. Let g = u + w. What is the units digit of g?
5
Suppose 0*s - s + 36 = 3*t, -4*t + 48 = 3*s. What is the units digit of (t/(-9))/(4/(-6))?
2
Suppose a + 0 = 2. Let m be -1 + a + (-2 - -4). Suppose -3*x - m*k + 18 = 0, 4*k = 4*x - 53 - 11. What is the units digit of x?
1
Suppose -2*h - 3*h = -70. What is the units digit of h/(-8)*4/(-1)?
7
Let a be 1/4 - 46/(-8). Let w be 2/a - (-5)/3. Suppose -w*r + 4 = -8. What is the units digit of r?
6
Let p be 8/12*(-6)/(-4). Let u(d) = 34*d - 1. What is the tens digit of u(p)?
3
Let o be ((1 + 1)*-69)/(-2). Suppose -4*x + o = -63. What is the units digit of x?
3
Let o(p) = -p**2 - p - 1. Let t(h) = -h**3 - 10*h**2 - 4*h - 7. Let q(i) = -6*o(i) + t(i). Let x = 6 + -11. What is the units digit of q(x)?
4
Let h = 11 - -3. What is the tens digit of h?
1
Let i(z) = z**2 + 10*z + 11. Let g be i(-8). What is the units digit of (0 + -3)*g - 0?
5
Suppose 3*l - 6 = 3. Suppose -4*r + 2*c - 6 = 0, -l*r = 3*c - c - 13. What is the units digit of r?
1
Suppose 4*d = -55 - 57. Let v = 39 + d. What is the tens digit of v?
1
Let r(o) = 3*o**2 + 13*o + 19. Let t(n) = -2*n**2 - 7*n - 10. Let u(s) = -3*r(s) - 5*t(s). Let j be u(6). Suppose -j*k = -1 - 19. What is the units digit of k?
4
Let f be (-80)/(-14) + (-4)/(-14). Let k(m) = m**2 - 6*m + 4. Let p be k(f). Suppose j + p = 3*j. What is the units digit of j?
2
Let a(w) = w**3 - 6*w**2 + 2*w + 7. Let n be a(5). Let o = -4 - n. Suppose r = 5 + o. What is the units digit of r?
9
Let y = 242 - -58. What is the tens digit of y?
0
Let d(k) = -k**3 + 12*k**2 + 5*k + 22. What is the units digit of d(12)?
2
Suppose -2*f - 2*z = 54, 0 = -0*f - 3*f + 5*z - 57. Let k = -19 - f. What is the units digit of k?
5
Let w(l) = 2*l - 7. Let z be 2 + (1 - (-1 + -1)). Let i be w(z). Suppose i*f + 22 = s, -2 = 4*s + 3*f - 15. What is the units digit of s?
7
Let n = 25 - -34. What is the units digit of n?
9
What is the tens digit of (-808)/(-12) - 4 - 2/(-3)?
6
Suppose -2*b - 128 = -4*f + b, -b = f - 25. What is the units digit of f?
9
Let y be 16/(-4)*(-1)/2. Suppose y*i + 2 = i. What is the units digit of (-17 + i/2)/(-2)?
9
Let q(h) = -4*h**3 - 2*h**2 - 2*h + 2. What is the tens digit of q(-2)?
3
What is the tens digit of (-606)/(-9) + (-2)/(-3)?
6
Suppose 13*n - 873 = 4*n. What is the units digit of n?
7
Suppose 2*y = -3*n + 30, 0*n + 12 = 3*n. Let v = -12 - -8. What is the units digit of (6/y)/(v/(-18))?
3
Suppose 0 = -5*n + 11 + 4. Suppose -x + 6*o + 18 = n*o, 0 = 2*x + 5*o + 19. Let v = x + 3. What is the units digit of v?
6
Let j(p) = -p**2 - 9*p - 4. Let o be j(-8). Suppose 0 = 2*t - 4*g - 52, -7*t + 3*t + 56 = o*g. What is the units digit of t?
8
Suppose -3*s + 413 = 173. What is the units digit of s?
0
Let n(i) = -i**2 + 19*i + 15. What is the units digit of n(13)?
3
Let u(c) be the first derivative of -c**2 - 7*c + 1. Let f be ((-7)/2 - -3)*10. What is the units digit of u(f)?
3
Let w be 11 - 3 - (1 + -1). Suppose -3*r + w*r - 50 = 0. Suppose 7*s + 60 = r*s. What is the tens digit of s?
2
Let o = 10 + -5. Suppose 2*t = o*t - 12. Suppose t*n - c - 28 = 0, 2*c = 4*n - 25 - 3. What is the units digit of n?
7
What is the units digit of (-1 + 8 - 1) + 2 + -2?
6
Let f(i) = i**3 + 12*i**2 - 2*i - 5. Let q = -19 - -7. What is the units digit of f(q)?
9
Suppose 2*i = -0*i + 10. Suppose -13 = -n - k, 0*n + i*k = 2*n - 12. What is the units digit of n?
1
Suppose -3*n + 666 - 99 = 0. What is the hundreds digit of n?
1
Let t = 56 + -21. What is the units digit of t?
5
Suppose -4 = -d - 2. Suppose 0 = -p + 4*y + 3, 0*y - 6 = d*y. What is the units digit of (-2 + 1)*p - -1?
0
Let d be 2/(-4) + 7/2. Suppose a = 2*i + 2*a + 8, 3*a + 12 = -d*i. Let x = -3 - i. What is the units digit of x?
1
Suppose 0*p + 30 = 2*p. Suppose q = -2*s + p, -s - s = -3*q + 21. Suppose -2*h - 1 + q = 0. What is the units digit of h?
4
Suppose 0 = 5*i - 2*n - n + 23, 2*n - 2 = 0. Let c(x) = 2*x**2 + 4*x - 5. What is the units digit of c(i)?
1
Suppose 2*k - 138 - 200 = 0. What is the tens digit of k?
6
Let t = -11 - -15. Suppose -h = t*h - 85. What is the tens digit of h?
1
Suppose -4*n + 5*n = 66. What is 